m**2 + 3 - 10. Let x be z(3). What is the greatest common factor of x and g?
4
Let m = 222 - 150. Suppose -2651 - 611 = -56*u - 574. What is the greatest common divisor of u and m?
24
Suppose 3*h + 897 = 3*j, -35*j + 32*j = 5*h - 929. Calculate the highest common divisor of j and 1010.
101
Let q = -4 + 11. Let a(s) = s**3 - 10*s**2 + 2. Let m be a(10). Suppose 4*b - 43 = -7*p + 2*p, m*b = -4*p + 26. What is the highest common factor of q and b?
7
Suppose p - p = -p. Suppose p = w - 0*w + 4*q - 24, -5*q + 63 = 4*w. Calculate the highest common divisor of w and 48.
12
Let o be (-6)/(-5)*1240/12. Suppose -5*c + 0*c - 4*r = -o, -4*r - 68 = -3*c. Suppose 4*t - 16 = 3*t. What is the greatest common factor of c and t?
8
Let p be (16/(-4) - -701)/1. Suppose x - 351 = -o, -2*o + 3*x + p = -0*x. Suppose 0 = 2*b - 7*b + o. Calculate the highest common factor of b and 10.
10
Suppose -3*l - 8190 = -13*l. What is the highest common factor of 9 and l?
9
Let q be 3081/429 + (-2)/11 + 26. Calculate the greatest common divisor of 2046 and q.
33
Let l(s) = s**2 - 13*s - 18. Let f be l(17). Let a be 10/f + (-248)/(-10). What is the greatest common factor of a and 50?
25
Let j be 122645/76 - 2/(-8). Calculate the highest common divisor of 6 and j.
6
Let o(q) = 2*q**2 - 6*q + 0*q**2 - 7*q + 8 + 0*q. Let m be o(8). Calculate the greatest common factor of m and 80.
16
Suppose -2*x + 0 = -12. Let j = -4 + x. Suppose j*k + 22 = q, q + 3*k = -4*q + 45. Calculate the highest common factor of q and 12.
12
Suppose 3*t + 3*b - 111 = -2*t, 5*t - 107 = -b. What is the greatest common divisor of t and 3?
3
Let s be (-42)/(-4) - (-6)/4. Suppose 10*i + 66 - 426 = 0. What is the highest common factor of i and s?
12
Let z = -2919 - -3080. What is the greatest common divisor of z and 69?
23
Let i(t) = t**2 - 13*t - 108. Let o be i(-8). Calculate the greatest common divisor of 165 and o.
15
Suppose -7*w + 83 + 15 = 0. Let j be -2 + 7/(w/66). Suppose -381 = -5*d + 704. What is the greatest common factor of j and d?
31
Let p(l) = 76*l**2 + l + 3. Let o be p(-1). What is the highest common factor of 182 and o?
26
Let g be (-40)/(-1*(0 + 2)). Calculate the greatest common divisor of g and 150.
10
Let g be (-2*1)/((-6)/12). Let p be ((g - 5 - -2)*-290)/(-2). What is the highest common factor of p and 29?
29
Let b = 15 - -15. Let d be (27 - (-144)/(-9)) + 9. Calculate the highest common divisor of b and d.
10
Suppose 3*p = 5*a + 2*p - 170, 4*p - 46 = -2*a. Suppose -5*u + 4*j + a = 0, u - 8 - 7 = -2*j. Calculate the highest common factor of u and 3.
3
Let b(d) = 2*d**3 - 33*d**2 + 158*d + 1. Let r be b(5). What is the greatest common factor of 1134 and r?
54
Let g = 7 - -1. Let h(k) = 16*k - 10. Let m be h(4). Suppose g = -5*v - 4*j + m, 10 = 5*v - 5*j. What is the greatest common factor of 2 and v?
2
Let l = 9 - 36. Let z be -7*(0 + -1) - 0/l. What is the highest common divisor of 14 and z?
7
Suppose -3*o + 351 = -a, 0 = 5*o - 3*a + 249 - 838. Calculate the highest common factor of o and 145.
29
Let w = 7 + -3. Suppose -w*y + 544 = 2*t + 2*t, -5*t + 730 = -5*y. Let s = t - -6. Calculate the greatest common factor of 21 and s.
21
Let z be (-295)/(-30) - 8/240*-5. Let d = -12 - -7. Let q(t) = -2*t. Let p be q(d). Calculate the greatest common factor of p and z.
10
Let i = -1311 - -1437. Let b(m) = -28*m. Let z be b(-3). Calculate the highest common divisor of z and i.
42
Let p = 894 + -891. Let v = -15 - 0. Let l = v - -48. What is the highest common factor of p and l?
3
Let a be (-1)/3 - (-286)/3. Let g be (-14 - -4 - -18) + 11. Calculate the greatest common divisor of a and g.
19
Let p be 21*1*(-38)/(-3). Suppose 7*x = -0*x + p. Let n = -23 - -118. Calculate the greatest common divisor of n and x.
19
Let x(n) = n**3 - 5*n**2 - 9*n + 6. Let j be x(10). Calculate the highest common divisor of 13 and j.
13
Let f(s) = -s**2 - 16*s - 3. Let m be f(-7). Let b be (-609)/(-15) - 3/5. Calculate the highest common factor of m and b.
20
Let h(b) = -b**2 + 4*b - 1. Let q be h(3). Suppose a + a - 3*v = 4, -q*v - 2 = -a. Calculate the highest common factor of a and 2.
2
Suppose 0 = 5*s + 3*a - 146, 2*a + 0*a - 88 = -3*s. Let u = 71 + s. Suppose 36 = 9*k - u. What is the highest common divisor of 10 and k?
5
Let y(z) = -10*z - 5. Let m be y(-8). Suppose -5*x - 75 = -10*x. Suppose 105 = 3*p + x. What is the greatest common factor of m and p?
15
Let q = -467 - -567. What is the greatest common factor of q and 25?
25
Suppose 0 = 4*s - 2*t - 178, -6*s - 4*t + 40 = -5*s. Suppose 4*y - 40 = -y. Let v be 12/y + (-41)/(-2). Calculate the highest common factor of s and v.
22
Let x(w) = 5*w + 0*w**2 - 21 + w**2 + 13. Let k be x(-7). Let m be k/15 - (-412)/20. Calculate the highest common factor of m and 231.
21
Let m = 69 - 85. Let r be ((-8)/6)/(m/72). Calculate the highest common divisor of r and 6.
6
Suppose 2*k = -39*a + 35*a, -2*k - 2*a = -6. What is the greatest common divisor of 723 and k?
3
Suppose -384 = -3*t + 3*d, -4*t = -t + 4*d - 384. Suppose 0 = 3*r - t + 44. Let a = 1 + 3. What is the greatest common divisor of a and r?
4
Let o(a) = a**3 + a**2 + 1. Let p = 8 + -9. Let i be o(p). Suppose 3*v - 101 = i. What is the greatest common factor of v and 17?
17
Let c be 4 - (-3 + (37 - 4)). Let o = -11 - c. What is the greatest common factor of 15 and o?
15
Suppose 4*b - 3*k - 463 = 1311, 884 = 2*b - 3*k. What is the greatest common factor of 267 and b?
89
Suppose 2*q + q - 12 = 0. Suppose 2*v - 12 = -6. Let x = 29 + v. What is the highest common divisor of q and x?
4
Suppose 13 - 6 = -c - 5*j, 4*c + j - 29 = 0. Calculate the greatest common factor of c and 284.
4
Let w = 3 - 0. Suppose 6 = w*r, 3*r - r = -3*n + 28. Suppose 0 = 2*d + 5*d - 56. Calculate the highest common factor of d and n.
8
Suppose 5*j = -5, 3*v - 6*v - 61 = j. Let f = 23 + v. Let y(x) = -x**2 - 10*x - 3. Let t be y(-4). What is the highest common divisor of t and f?
3
Let t be (12/24)/(3/1938). Calculate the highest common factor of t and 38.
19
Suppose p + 3*v = 4*p - 5226, -1734 = -p - v. What is the highest common divisor of 22 and p?
22
Let w be 5747/63 - 8 - 6/27. Calculate the highest common divisor of 1 and w.
1
Let f be ((-38)/(-4))/(4/56). Let d = f + -69. Let i = 300 - 268. Calculate the greatest common factor of d and i.
32
Let b(t) = -20*t - 50. Let m be b(-8). What is the highest common divisor of 22 and m?
22
Let x(j) = j + 4*j**2 - 5*j**2 + 2*j**2 - 12*j**3 + 0*j**2. Let k be x(-1). What is the greatest common factor of 84 and k?
12
Let c = 38 + -36. Let p(m) = 5*m**2 + 10*m - 11. Let z be p(1). Calculate the greatest common divisor of z and c.
2
Let d be 30/(-20)*10/15*-490. Calculate the highest common divisor of d and 140.
70
Let c = 40 + -27. Let u = 5 - -3. Let b(i) = 2*i**2 - 9*i + 9. Let t be b(u). Calculate the greatest common divisor of c and t.
13
Let f = 153 - 108. Suppose 3*i + 225 = 8*i. What is the greatest common factor of f and i?
45
Let y(x) = x**2 + 3*x + 8. Let d be y(-7). Let z = -1382 - -1391. Calculate the greatest common divisor of z and d.
9
Suppose 5*v = -14*v + 266. Suppose 3*r - 314 = 5*s, 0 = -5*r + s - 3*s + 482. Calculate the greatest common divisor of v and r.
14
Suppose 4*f - 4*v - 1 = 3*f, 0 = -f + 5*v. Suppose 608 = f*y - y. Let i = 30 + -11. Calculate the highest common divisor of i and y.
19
Let f be 0/(-9)*1/(-1). Suppose 0 = -f*i + 3*i. Suppose -5*w - 55 = -5*l, i = 4*l - w - 4*w - 43. Calculate the greatest common factor of 30 and l.
6
Suppose -5*n - 11 - 64 = 0. Let u = n - -20. Let s(x) = 19*x + 2. Let h be s(2). Calculate the highest common divisor of u and h.
5
Suppose b - 9*p + 4*p - 29 = 0, 5*p = 4*b - 161. What is the greatest common divisor of 12 and b?
4
Let x(g) = -3*g**2 + 14*g - 10. Let t be x(3). What is the greatest common divisor of t and 20?
5
Let y be (-28)/(-8) - 3 - 1330/(-28). Calculate the greatest common factor of 80 and y.
16
Let c = -57 + 70. Suppose c*x - 1050 = 250. What is the greatest common divisor of 40 and x?
20
Let j = 255 - -11. What is the greatest common factor of 42 and j?
14
Let j = -21 - -23. Let q be j/(-4)*(-7 + 1). Suppose q*n - 305 - 190 = 0. What is the highest common factor of n and 15?
15
Let k(b) be the second derivative of b**4/12 - 